{"id":28,"date":"2018-11-28T21:58:22","date_gmt":"2018-11-28T21:58:22","guid":{"rendered":"http:\/\/senadbulic.me\/vukicevic\/?page_id=28"},"modified":"2022-01-23T22:44:37","modified_gmt":"2022-01-23T22:44:37","slug":"distribucija","status":"publish","type":"page","link":"https:\/\/vukicevic.co.me\/index.php\/distribucija\/","title":{"rendered":"DISTRIBUCIJA"},"content":{"rendered":"<div id=\"pl-28\"  class=\"panel-layout\" ><div id=\"pg-28-0\"  class=\"panel-grid panel-has-style\" ><div style=\"padding: 100px 0; \" data-overlay=\"true\" data-overlay-color=\"#000000\" class=\"panel-row-style panel-row-style-for-28-0\" ><div id=\"pgc-28-0-0\"  class=\"panel-grid-cell\" ><div id=\"panel-28-0-0-0\" class=\"so-panel widget widget_text panel-first-child panel-last-child\" data-index=\"0\" ><div style=\"text-align: left;\" data-title-color=\"#443f3f\" data-headings-color=\"#443f3f\" class=\"panel-widget-style panel-widget-style-for-28-0-0-0\" >\t\t\t<div class=\"textwidget\"><div id=\"wpgmza_map\" class=\"wpgmza_map\" data-settings='{\"id\":\"1\",\"map_title\":\"My first map\",\"map_width\":\"100\",\"map_height\":\"400\",\"map_start_lat\":\"42.443847\",\"map_start_lng\":\"19.255362\",\"map_start_location\":\"42.443847000000005,19.255361999999998\",\"map_start_zoom\":\"19\",\"default_marker\":\"0\",\"type\":\"2\",\"alignment\":\"1\",\"directions_enabled\":\"1\",\"styling_enabled\":\"0\",\"styling_json\":\"\",\"active\":\"0\",\"kml\":\"\",\"bicycle\":\"2\",\"traffic\":\"2\",\"dbox\":\"1\",\"dbox_width\":\"100\",\"listmarkers\":\"0\",\"listmarkers_advanced\":\"0\",\"filterbycat\":\"0\",\"ugm_enabled\":\"0\",\"ugm_category_enabled\":\"0\",\"fusion\":\"\",\"map_width_type\":\"\\\\%\",\"map_height_type\":\"px\",\"mass_marker_support\":\"1\",\"ugm_access\":\"0\",\"order_markers_by\":\"1\",\"order_markers_choice\":\"2\",\"show_user_location\":\"0\",\"default_to\":\"\",\"other_settings\":{\"store_locator_enabled\":2,\"store_locator_distance\":2,\"store_locator_default_radius\":10,\"store_locator_not_found_message\":\"No results found in this location. Please try again.\",\"store_locator_bounce\":1,\"store_locator_query_string\":\"ZIP \\\/ Address:\",\"store_locator_default_address\":\"\",\"wpgmza_store_locator_restrict\":\"\",\"store_locator_style\":\"modern\",\"wpgmza_store_locator_radius_style\":\"modern\",\"map_max_zoom\":\"1\",\"transport_layer\":2,\"wpgmza_show_points_of_interest\":0,\"wpgmza_auto_night\":0}}' data-map-id='1' Data-maps-engine='open-layers' data-shortcode-attributes='{\"id\":\"1\"}' style=\"display:block; overflow:auto; width:100%; height:400px; float:left;\"><\/div>\n<p>Na\u0161i proizvodi su dostupni u svim ve\u0107im VOLI i HDL marketima \u0161irom Crne Gore a na interaktivnoj mapi mo\u017eete pogledati i lokacije ugostiteljskih objekata gdje tako\u0111e mo\u017eete prona\u0107i na\u0161e proizvode.<\/p>\n<\/div>\n\t\t<\/div><\/div><\/div><\/div><\/div><div id=\"pg-28-1\"  class=\"panel-grid panel-has-style\" ><div style=\"padding: 100px 0; \" data-overlay=\"true\" data-overlay-color=\"#000000\" class=\"panel-row-style panel-row-style-for-28-1\" ><div id=\"pgc-28-1-0\"  class=\"panel-grid-cell\" ><div id=\"panel-28-1-0-0\" class=\"so-panel widget widget_text panel-first-child\" data-index=\"1\" ><div style=\"text-align: left;\" data-title-color=\"#443f3f\" data-headings-color=\"#443f3f\" class=\"panel-widget-style panel-widget-style-for-28-1-0-0\" ><h3 class=\"widget-title\">Podgorica<\/h3>\t\t\t<div class=\"textwidget\"><ul>\n<li>Hotel Podgorica<\/li>\n<li>Sala\u0161 23<\/li>\n<li>Imanje Knjaz<\/li>\n<li>Od\u017eaklija<\/li>\n<li>Forest<\/li>\n<li>Balkan<\/li>\n<li>Gradski pub<\/li>\n<li>Cheers<\/li>\n<li>Meksi\u010dki restoran<\/li>\n<li>Garden<\/li>\n<\/ul>\n<p>&nbsp;<\/p>\n<\/div>\n\t\t<\/div><\/div><div id=\"panel-28-1-0-1\" class=\"so-panel widget widget_text\" data-index=\"2\" ><div style=\"text-align: left;\" data-title-color=\"#443f3f\" data-headings-color=\"#443f3f\" class=\"panel-widget-style panel-widget-style-for-28-1-0-1\" ><h3 class=\"widget-title\">Danilovgrad<\/h3>\t\t\t<div class=\"textwidget\"><ul>\n<li>Konoba Bandi\u0107i<\/li>\n<\/ul>\n<p>&nbsp;<\/p>\n<\/div>\n\t\t<\/div><\/div><div id=\"panel-28-1-0-2\" class=\"so-panel widget widget_text\" data-index=\"3\" ><div style=\"text-align: left;\" data-title-color=\"#443f3f\" data-headings-color=\"#443f3f\" class=\"panel-widget-style panel-widget-style-for-28-1-0-2\" ><h3 class=\"widget-title\">Cetinje<\/h3>\t\t\t<div class=\"textwidget\"><ul>\n<li>Konak<\/li>\n<\/ul>\n<p>&nbsp;<\/p>\n<\/div>\n\t\t<\/div><\/div><div id=\"panel-28-1-0-3\" class=\"so-panel widget widget_text panel-last-child\" data-index=\"4\" ><div style=\"text-align: left;\" data-title-color=\"#443f3f\" data-headings-color=\"#443f3f\" class=\"panel-widget-style panel-widget-style-for-28-1-0-3\" ><h3 class=\"widget-title\">Nik\u0161i\u0107<\/h3>\t\t\t<div class=\"textwidget\"><ul>\n<li>Restoran Maestral<\/li>\n<li>Sokoline<\/li>\n<\/ul>\n<p>&nbsp;<\/p>\n<\/div>\n\t\t<\/div><\/div><\/div><div id=\"pgc-28-1-1\"  class=\"panel-grid-cell\" ><div id=\"panel-28-1-1-0\" class=\"so-panel widget widget_text panel-first-child\" data-index=\"5\" ><div style=\"text-align: left;\" data-title-color=\"#443f3f\" data-headings-color=\"#443f3f\" class=\"panel-widget-style panel-widget-style-for-28-1-1-0\" ><h3 class=\"widget-title\">Budva<\/h3>\t\t\t<div class=\"textwidget\"><ul>\n<li>Restoran Mun<\/li>\n<li>TQ Plaza<\/li>\n<li>Zavala<\/li>\n<li>Dukley gardens<\/li>\n<li>Perla<\/li>\n<li>Bokeljska ku\u017eina<\/li>\n<li>Restoran Meat and wine<\/li>\n<li>Plo\u010de<\/li>\n<li>Skriveni raj<\/li>\n<li>Restoran Sebelj<\/li>\n<li>Restoran Merkur<\/li>\n<li>Wow<\/li>\n<li>Azzufo<\/li>\n<\/ul>\n<p>&nbsp;<\/p>\n<\/div>\n\t\t<\/div><\/div><div id=\"panel-28-1-1-1\" class=\"so-panel widget widget_text\" data-index=\"6\" ><div style=\"text-align: left;\" data-title-color=\"#443f3f\" data-headings-color=\"#443f3f\" class=\"panel-widget-style panel-widget-style-for-28-1-1-1\" ><h3 class=\"widget-title\">Petrovac<\/h3>\t\t\t<div class=\"textwidget\"><ul>\n<li>Restoran \u0160umice<\/li>\n<\/ul>\n<p>&nbsp;<\/p>\n<\/div>\n\t\t<\/div><\/div><div id=\"panel-28-1-1-2\" class=\"so-panel widget widget_text\" data-index=\"7\" ><div style=\"text-align: left;\" data-title-color=\"#443f3f\" data-headings-color=\"#443f3f\" class=\"panel-widget-style panel-widget-style-for-28-1-1-2\" ><h3 class=\"widget-title\">Ulcinj<\/h3>\t\t\t<div class=\"textwidget\"><ul>\n<li>Apartments Eneida<\/li>\n<li>Crisma hotel<\/li>\n<\/ul>\n<p>&nbsp;<\/p>\n<\/div>\n\t\t<\/div><\/div><div id=\"panel-28-1-1-3\" class=\"so-panel widget widget_text\" data-index=\"8\" ><div style=\"text-align: left;\" data-title-color=\"#443f3f\" data-headings-color=\"#443f3f\" class=\"panel-widget-style panel-widget-style-for-28-1-1-3\" ><h3 class=\"widget-title\">Tivat<\/h3>\t\t\t<div class=\"textwidget\"><ul>\n<li>Lustica Bay Development<\/li>\n<li>Konoba Maestral Lustica<\/li>\n<\/ul>\n<p>&nbsp;<\/p>\n<\/div>\n\t\t<\/div><\/div><div id=\"panel-28-1-1-4\" class=\"so-panel widget widget_text panel-last-child\" data-index=\"9\" ><div style=\"text-align: left;\" data-title-color=\"#443f3f\" data-headings-color=\"#443f3f\" class=\"panel-widget-style panel-widget-style-for-28-1-1-4\" ><h3 class=\"widget-title\">Herceg Novi<\/h3>\t\t\t<div class=\"textwidget\"><ul>\n<li>Kod Kuma<\/li>\n<li>Konoba Ribar<\/li>\n<\/ul>\n<p>&nbsp;<\/p>\n<\/div>\n\t\t<\/div><\/div><\/div><div id=\"pgc-28-1-2\"  class=\"panel-grid-cell\" ><div id=\"panel-28-1-2-0\" class=\"so-panel widget widget_text panel-first-child\" data-index=\"10\" ><div style=\"text-align: left;\" data-title-color=\"#443f3f\" data-headings-color=\"#443f3f\" class=\"panel-widget-style panel-widget-style-for-28-1-2-0\" ><h3 class=\"widget-title\">Mojkovac<\/h3>\t\t\t<div class=\"textwidget\"><ul>\n<li>Savardak<\/li>\n<\/ul>\n<\/div>\n\t\t<\/div><\/div><div id=\"panel-28-1-2-1\" class=\"so-panel widget widget_text\" data-index=\"11\" ><div style=\"text-align: left;\" data-title-color=\"#443f3f\" data-headings-color=\"#443f3f\" class=\"panel-widget-style panel-widget-style-for-28-1-2-1\" ><h3 class=\"widget-title\">Berane<\/h3>\t\t\t<div class=\"textwidget\"><ul>\n<li>Popovi\u0107i<\/li>\n<\/ul>\n<\/div>\n\t\t<\/div><\/div><div id=\"panel-28-1-2-2\" class=\"so-panel widget widget_text\" data-index=\"12\" ><div style=\"text-align: left;\" data-title-color=\"#443f3f\" data-headings-color=\"#443f3f\" class=\"panel-widget-style panel-widget-style-for-28-1-2-2\" ><h3 class=\"widget-title\">Bijelo Polje<\/h3>\t\t\t<div class=\"textwidget\"><ul>\n<li>Durmitor<\/li>\n<li>Dvori<\/li>\n<\/ul>\n<p>&nbsp;<\/p>\n<\/div>\n\t\t<\/div><\/div><div id=\"panel-28-1-2-3\" class=\"so-panel widget widget_text panel-last-child\" data-index=\"13\" ><div style=\"text-align: left;\" data-title-color=\"#443f3f\" data-headings-color=\"#443f3f\" class=\"panel-widget-style panel-widget-style-for-28-1-2-3\" ><h3 class=\"widget-title\">Kola\u0161in<\/h3>\t\t\t<div class=\"textwidget\"><ul>\n<li>Savardak<\/li>\n<\/ul>\n<\/div>\n\t\t<\/div><\/div><\/div><\/div><\/div><\/div>","protected":false},"excerpt":{"rendered":"<p>Na\u0161i proizvodi su dostupni u svim ve\u0107im VOLI i HDL marketima \u0161irom Crne Gore a na interaktivnoj mapi mo\u017eete pogledati i lokacije ugostiteljskih objekata gdje tako\u0111e mo\u017eete prona\u0107i na\u0161e proizvode. Hotel Podgorica Sala\u0161 23 Imanje Knjaz Od\u017eaklija Forest Balkan Gradski pub Cheers Meksi\u010dki restoran Garden &nbsp; Konoba Bandi\u0107i &nbsp; Konak &nbsp; Restoran Maestral Sokoline &nbsp;<\/p>\n","protected":false},"author":1,"featured_media":0,"parent":0,"menu_order":0,"comment_status":"closed","ping_status":"closed","template":"page-templates\/page_fullwidth.php","meta":{"om_disable_all_campaigns":false,"_monsterinsights_skip_tracking":false,"_monsterinsights_sitenote_active":false,"_monsterinsights_sitenote_note":"","_monsterinsights_sitenote_category":0,"footnotes":""},"class_list":["post-28","page","type-page","status-publish","hentry"],"aioseo_notices":[],"amp_enabled":false,"_links":{"self":[{"href":"https:\/\/vukicevic.co.me\/index.php\/wp-json\/wp\/v2\/pages\/28","targetHints":{"allow":["GET"]}}],"collection":[{"href":"https:\/\/vukicevic.co.me\/index.php\/wp-json\/wp\/v2\/pages"}],"about":[{"href":"https:\/\/vukicevic.co.me\/index.php\/wp-json\/wp\/v2\/types\/page"}],"author":[{"embeddable":true,"href":"https:\/\/vukicevic.co.me\/index.php\/wp-json\/wp\/v2\/users\/1"}],"replies":[{"embeddable":true,"href":"https:\/\/vukicevic.co.me\/index.php\/wp-json\/wp\/v2\/comments?post=28"}],"version-history":[{"count":76,"href":"https:\/\/vukicevic.co.me\/index.php\/wp-json\/wp\/v2\/pages\/28\/revisions"}],"predecessor-version":[{"id":1555,"href":"https:\/\/vukicevic.co.me\/index.php\/wp-json\/wp\/v2\/pages\/28\/revisions\/1555"}],"wp:attachment":[{"href":"https:\/\/vukicevic.co.me\/index.php\/wp-json\/wp\/v2\/media?parent=28"}],"curies":[{"name":"wp","href":"https:\/\/api.w.org\/{rel}","templated":true}]}}